 be ((-80)/(-28))/(w/126). What is the greatest common factor of q and o?
20
Suppose 969 = 6*g - 3*g. Let f = 2103 + -2084. Calculate the highest common divisor of f and g.
19
Let j = -46 + 334. Let p = 289 - j. Suppose -8 = 5*o - 53. Calculate the highest common divisor of p and o.
1
Let j = -236 + 236. Suppose t + c - 179 = j, -3*c = 10 - 1. Suppose 5*d = -55 + 185. Calculate the greatest common factor of d and t.
26
Suppose 5*q + 0*q - 16 = j, 4*q = j + 12. Suppose q*r - 5 = -r, -5*p + 1492 = -3*r. What is the highest common factor of p and 46?
23
Suppose d + 43 = 186. Suppose -4*o + 93 = 5*x, 21*x = 22*x - 3*o + 8. Calculate the greatest common divisor of d and x.
13
Let a = 143 - 136. Suppose 24*t = -a*t + 465. Let p be (-4)/6*-3 + 103. Calculate the highest common divisor of t and p.
15
Suppose 2*m = z - 138, -205*m = 4*z - 206*m - 559. What is the highest common factor of z and 220?
20
Let n = 39 - 21. Suppose -2*k - k + 5*w = -n, k = 5*w + 6. Suppose k*b - 32 = 2*b. What is the greatest common factor of 8 and b?
8
Suppose 5*l - 23*l + 11372 + 29956 = 0. What is the highest common divisor of 112 and l?
56
Suppose -k = 9278 - 9281. Calculate the highest common factor of k and 573.
3
Suppose -5*w + 6*t - 4*t + 89 = 0, 0 = -2*w - 2*t + 44. Let h = w - 15. Suppose -h*v + 6*v = 630. What is the greatest common divisor of v and 35?
35
Suppose 24*r - 103014 = 31890. What is the highest common factor of 385 and r?
77
Suppose -132*m - 56 = -136*m. Suppose -4*r + 102 = -r. Let p = m + r. What is the highest common factor of p and 16?
16
Let c = -2 - -33. Let j = c + -21. Calculate the greatest common divisor of j and 190.
10
Let a(c) be the third derivative of c**4/3 + 20*c**3/3 - 72*c**2. Let x be a(0). Calculate the highest common divisor of x and 4.
4
Let c be (-71)/(-4) + 1/4. Let f(z) = -32*z + 55. Let b be f(-11). Let l = b - 209. What is the greatest common factor of c and l?
18
Let y be (36 + -35)*(2 - (1 + -1)). What is the highest common divisor of y and 262?
2
Let r = -1775 + 1785. Calculate the greatest common divisor of 44 and r.
2
Let k(u) = 71511*u**2 + 3*u + 2. Let a be k(-1). Calculate the highest common factor of a and 10.
10
Let z(a) = -2*a**2 - 19*a - 1. Let h be z(-7). Suppose 3*d + 33 = 543. Calculate the greatest common factor of h and d.
34
Let m be (-6)/(36/(-6))*7. Let c be -18*m*(-2)/(1 - -1). Let d = 14 + c. What is the greatest common divisor of d and 35?
35
Let z be (-360)/1 - (1 + (-2)/1). Let p = 467 + z. What is the greatest common divisor of 27 and p?
27
Let q(c) = -69*c + 357. Let l be q(5). Let t be 64/l - 6/18. Calculate the highest common divisor of t and 230.
5
Let t = -65 - -53. Let c be 3/(0 + t/(-8)). What is the greatest common factor of c and 16?
2
Let k(n) = -n**2 + 181*n - 4012. Let l be k(26). Let i be (-108)/42*(-22 + 1). What is the greatest common divisor of i and l?
18
Suppose 25*x + 285 = 28*x. Suppose 5*a - x = -5*w, 0 = -w + 3*a - 2*a + 19. Let g be 6/(2 + 37/(-19)). Calculate the greatest common divisor of w and g.
19
Let j(x) = -371*x + 1. Let t be j(-4). Suppose 29*l + 594 = 2*w + 30*l, -5*l + t = 5*w. Calculate the highest common divisor of w and 27.
27
Let w = 829 - 784. Suppose -k - 902 = -4*y, -5*y - w = 4*k - 1162. Calculate the greatest common divisor of y and 75.
75
Let r be 11/((-165)/(-18))*(-10)/3. Let v be (-1)/r + 4024/32. Let o = -12 + 26. What is the highest common divisor of o and v?
14
Let r = 5918 + 10308. What is the greatest common factor of r and 266?
266
Let h be (-10)/4*2142/(-35). Let c = -11150 + 11184. What is the greatest common divisor of c and h?
17
Let x(v) = 131*v**2 - 214*v + 97. Let f be x(18). Calculate the highest common divisor of f and 7.
7
Suppose 0 = n - 4 - 6. Let c = 657 - 655. Suppose -c*x - 232 = -n*x. What is the greatest common divisor of x and 87?
29
Suppose 37*t + 5796 = 65*t. What is the highest common divisor of 253 and t?
23
Let u = -408 - -1422. What is the highest common factor of u and 24?
6
Let z = 4293 - 2901. What is the highest common factor of 145 and z?
29
Suppose -102*b - 136*b = -36414. Calculate the highest common divisor of b and 4437.
153
Let b = 44 + -45. Let i be (9 - -55)/(b/2*-1). Let l = 187 - 171. Calculate the greatest common factor of i and l.
16
Suppose 43*b - 12 = 41*b. Suppose -2*p + p - 3*y + 145 = 0, -b = -2*y. Suppose 69*t = 68*t + p. Calculate the greatest common divisor of 17 and t.
17
Suppose 3223 - 1164 = 18*s - 4565. What is the highest common divisor of s and 115?
23
Let r = 0 - -15. Let i be ((-216)/10)/6*(-400)/60. Suppose -r*n + i*n = 216. Calculate the greatest common factor of 6 and n.
6
Suppose 3*p = -9, 5*h - 2*p - 4706 = 600. What is the highest common factor of h and 159?
53
Let q(v) = 11*v + 218. Let n be q(10). Calculate the greatest common factor of 369 and n.
41
Suppose -j = 3*v - 42, 80 = 4*v + j + 23. Calculate the highest common factor of 345 and v.
15
Let v be 2/13 + 84491/143 + -4. Let d = 627 - v. What is the greatest common divisor of 440 and d?
40
Suppose -304 = 642*h - 650*h + 80. Calculate the greatest common divisor of h and 2048.
16
Let s = 49 - 77. Let g(q) = -q**2 - 30*q - 54. Let a be g(s). What is the highest common factor of a and 1?
1
Suppose -19*c + 15*c = 0, 0 = 5*p - c + 1545. Let s = -197 - p. What is the highest common divisor of 84 and s?
28
Let u be 15/((-3)/(-176) + 0). Suppose -727 + 3127 = 42*m - 12*m. What is the highest common divisor of m and u?
80
Let t(z) = -44*z + 4. Suppose -4*w - 5*i - 60 = -0*i, 2*w - 4*i = -56. Let q be t(w). What is the greatest common factor of q and 52?
52
Suppose 18*p - 7*p = 99. Suppose -9*q - p*q = -4914. What is the highest common divisor of q and 26?
13
Let n = 412 - 427. Let w(y) = y**2 + 15*y + 12. Let h be w(n). What is the greatest common factor of h and 3?
3
Let k(n) be the second derivative of n**5/10 - 5*n**4/3 - n**3 + 2*n**2 + 2*n. Let c be k(11). What is the greatest common divisor of 20 and c?
20
Suppose -1442*o - 784 = -1498*o. Suppose -2*j = -42 - 14. Calculate the greatest common factor of j and o.
14
Let o(a) = a**2 - a - 33. Let g be o(-8). Suppose 0 = g*w - 45*w + 198. What is the greatest common divisor of w and 22?
11
Let s = 47 - 34. Let p(l) = l**2 + 16*l - 573. Let u be p(-34). What is the highest common divisor of s and u?
13
Let h be ((-504)/49)/(1/(-7)). Suppose 223 = 4*l - n, 0 = -7*n + 4*n + 3. Calculate the greatest common factor of l and h.
8
Suppose -2652 + 2780 = 2*l. Let p(q) = q**3 + 2*q**2 + 3*q + 5. Let v be p(-4). Let m = l + v. What is the highest common factor of m and 125?
25
Suppose -2*t - 20 = -7*t. Suppose -69 + 17 = -t*m. Suppose -4*k + j = -2, -k + m = 2*k + 5*j. Calculate the highest common factor of 7 and k.
1
Let f = 286 + -276. Calculate the greatest common divisor of f and 865.
5
Let m = -3274 + 3911. Calculate the greatest common divisor of m and 2457.
91
Suppose -30 = -z - z. Let u = -34 + -54. Let t = 223 + u. Calculate the greatest common factor of t and z.
15
Let u = 533 + -525. Suppose 2*q + 1 - 77 = 0. Suppose q = c - 98. Calculate the highest common factor of u and c.
8
Let q = -53 - -58. Suppose -q*c - 1791 = 39. Let n be c/(-10) - (2 - (-14)/(-10)). What is the highest common divisor of n and 12?
12
Let a(z) = -z**3 + 9*z**2 - 13*z - 26. Let l be a(6). Suppose 0 = 4*n - x - 11, 0 = 22*n - 18*n - l*x - 20. What is the highest common divisor of n and 16?
2
Let v = -204 + 482. Suppose 0 = v*l - 273*l - 10. What is the highest common factor of l and 24?
2
Let x be 5/(-65)*2 + (-1137)/(-39). Suppose -2*r + 3*s = -63, 5*r - s - 109 - x = 0. Calculate the greatest common factor of 27 and r.
27
Let f be (-30)/(370/100 + -4). Calculate the highest common factor of f and 1104.
4
Suppose 0 = 71*i - 69*i - 6. Suppose 0 = -4*g + 3*v + 417, i*v + 4 = 7. Let k = -73 + g. Calculate the greatest common divisor of 352 and k.
32
Let p be 14/77 + (-3 - (19790/(-55) + -2)). Calculate the highest common factor of p and 1.
1
Let n = 29522 + -26497. What is the highest common divisor of 484 and n?
121
Let u(p) = 3*p**3 - 15*p**2 + 79*p + 55. Let y be u(14). What is the highest common factor of 239 and y?
239
Let m = 46 - 100. Let y be (m/(-5))/(2/30). What is the greatest common factor of y and 